 = h*x + 4*q - 52, -q - 35 - 17 = -2*x. Let s = x - -1527. Is s composite?
False
Let i = 311 + -311. Suppose -h + 7826 = 4*v - 0*h, i = -5*h - 10. Is v a composite number?
True
Let k(w) be the first derivative of 721*w**4/4 - 2*w**3/3 - 3*w**2/2 + 3*w - 11. Is k(1) composite?
False
Let d(s) = -167*s**3 - 9*s**2 - 22*s - 4. Let k(j) = 168*j**3 + 10*j**2 + 21*j + 4. Let p(f) = -2*d(f) - 3*k(f). Is p(-3) a prime number?
False
Suppose 4*v + 3*c - 1306 = 3*v, 2*c - 3911 = -3*v. Let p = -122 + v. Is p a prime number?
True
Let l be (12 - 20)*1/2. Is (l/(-6))/((-6425)/2145 - -3) composite?
True
Let k(l) = l**3 - 38*l**2 - 21*l + 43. Let p be k(34). Is 9 - 5 - (2 - (2 - p)) prime?
False
Let v = -27611 + 41256. Suppose 3*j - 218 = v. Is j composite?
False
Let x be ((-5)/((-105)/(-14)))/((-4)/(-18)). Is 4581 + 41 + 1*x prime?
False
Suppose -3*l + 2*y = -1842, -2*y + 0*y - 618 = -l. Let g(s) = 5*s**2 - 124*s + 44. Let v be g(21). Let t = l + v. Is t composite?
False
Is 676 + -668 - -47769*1 a composite number?
False
Let k(c) = c**3 + 16*c + 8. Suppose 33 = 5*u - 8*u. Let v be k(u). Let l = -926 - v. Is l prime?
False
Let c(w) = w - 49. Let q(j) be the second derivative of j**3/6 + j**2/2 + 36*j. Let g(u) = c(u) + 4*q(u). Is g(16) prime?
False
Let a be ((-129186)/(-36))/(2/4). Suppose 0 = -11*g - a + 34160. Is g composite?
True
Suppose -5*j = 15, 2*c + 9048 = -4*j + 3412. Let p be (-72)/90 + -1 + (-41712)/10. Let r = c - p. Is r prime?
True
Suppose 70*h - 68*h = 24. Is (-6)/h + (-170156)/(-8) composite?
False
Suppose 25*c + 2*c + 494441 - 2074238 = 0. Is c composite?
False
Let t = 20240 + 1069067. Is t composite?
True
Suppose -2*o + 16 = -2*m - 2, -2*o + 44 = -4*m. Is ((-3571)/(-4))/(m/(-156)) composite?
True
Let z = 134 - 134. Suppose -2*c + 3026 = 4*t + t, -2*t = z. Is c composite?
True
Is 5393216/5 - 75/125*3/9 prime?
True
Let h = -75098 + 109252. Is h composite?
True
Suppose 5*o - 27 = -7. Let g = 790 + -832. Is -6*(-2)/o*(-2198)/g a prime number?
True
Let p(v) = -8*v**3 - 6*v**2 + 4*v. Let u be p(4). Let k = u + -52. Let c = 1002 + k. Is c a prime number?
False
Let u = 1132187 - 762610. Is u prime?
False
Let c(b) = -b**3 + 49*b**2 + 95*b + 83. Suppose 6*w - 44 = -q + 7*w, 3*q - w - 140 = 0. Is c(q) a prime number?
True
Let m be (-39094)/110 - ((-8)/(-10))/(-2). Let x = -151 + 651. Let q = x + m. Is q a composite number?
True
Let v = -129102 - -445867. Is v composite?
True
Let u = -6 + 13. Suppose -12 = -3*c - 4*a, u*a = 2*a. Suppose 0 = 3*w + c*q - 803, w - q = -3*q + 267. Is w prime?
True
Let g = 126202 + -33101. Is g a prime number?
False
Is ((-16)/24)/(34/(-4093107)) a prime number?
False
Let g(v) = 5*v**2 + 22*v - 2890. Is g(49) prime?
True
Let b(u) = -65*u + 43. Suppose 5*z = 4*t - 24, -3*t - 6 = z + 14. Is b(z) a prime number?
True
Suppose -5*u - 9099 = a, -4*u + 45439 = -5*a - u. Let l = a + 15384. Is (6 - (4 + -1))*l/15 a composite number?
False
Suppose 2*i = 2*c - 6, 20*i = 24*i - 2*c + 8. Is ((-1)/(-1))/(i/(-1499)) composite?
False
Let r = 697927 + -355926. Is r composite?
True
Suppose 90 = -3*z + 5*j, 4*z + 0*j + 103 = j. Let s = 234 - z. Is s a composite number?
True
Let l = -904 - 1273. Let p = l - -3849. Suppose 8*m + 0*m = p. Is m a composite number?
True
Suppose 148*f = 6752033 + 2705315. Is f a composite number?
False
Let r(b) = b**3 + 29*b**2 + 44*b + 33. Suppose -v + 0*d - 4*d - 18 = 0, -132 = 5*v - d. Is r(v) a composite number?
True
Let j(w) be the third derivative of -w**4/8 + 8*w**3/3 + 14*w**2. Let v be j(4). Suppose -67 = -h - v*o, 4*o - 75 - 150 = -3*h. Is h a composite number?
False
Let l = -16 + 23. Suppose -3*b = -l*b + 140. Is 33765/b - 6/(-21) composite?
True
Let h(j) = 536*j**2 + 6*j + 11. Let o be (-20 + 18)/(3/18*3). Is h(o) prime?
True
Let g(n) = -10*n + 28. Let h be g(3). Is 2/h + ((-4045)/(-1) - 1) composite?
True
Suppose 8*y - 877742 - 1183356 = -18*y. Is y a composite number?
False
Is 6/(-15) + (-42396)/24*(-356)/10 a composite number?
True
Let s = 34 + -79. Let j = s - -48. Suppose 0*g - 958 = -x + 3*g, -j*x = g - 2864. Is x prime?
False
Let x(q) = -198*q**3 - q**2 - 9*q - 17. Let l be x(-4). Suppose 3*u + 2*k = 44416 + l, 5*k = 2*u - 38067. Is u composite?
False
Let h(l) = -l + 8. Let z = 12 - 7. Let y be h(z). Suppose 54 - y = p. Is p a prime number?
False
Suppose 0 = 3*c - 0 - 15, -4*l = c + 759. Let a be (-260)/(-3)*72/10. Let n = a - l. Is n a composite number?
True
Suppose -37*c + 236852 = -30*c. Suppose -53*n + 31*n = -c. Is n prime?
False
Let a be (-27)/63 - 27/(-63). Suppose a = -2*h + 3*h + 5, 2927 = x - 2*h. Is x a prime number?
True
Let a(f) = 2*f**3 + 3*f**2 + 4. Let n be a(-5). Let s be (n/76)/(2/(-8)). Let o(g) = g**3 - 6*g**2 + 10*g + 20. Is o(s) a composite number?
False
Suppose 3*q = 2*u - 316396, -14*q = -u - 19*q + 158159. Is u composite?
False
Suppose 0*i - 2*l + 14 = i, 5*i + 4*l - 82 = 0. Let k be (-36)/i*4/2. Is (54 - k)*((-370)/(-4))/5 composite?
True
Let o(w) = 2*w**2 + 3*w - 5. Let f = -37 - -45. Let b be (-1)/(-2) - (-12)/f. Is o(b) a composite number?
True
Suppose 2*n - 66428 = -v + 7347, 221323 = 3*v + 5*n. Is v a prime number?
True
Let y be (0 + -2)/((-2)/3) - -3. Suppose -3*f - y = 0, -4*s - f = -2659 - 12423. Suppose -s = 18*h - 21*h. Is h a composite number?
True
Let p(y) be the second derivative of 28*y**3 - 5*y**2/2 + y. Let d(x) = x**3 + 17*x**2 + 3*x - 206. Let h be d(-16). Is p(h) composite?
False
Suppose -23*u + 222479 = -2846204. Is u a composite number?
True
Suppose 0*w = 3*w + 6*o - 26139, -4*o - 8707 = -w. Is w prime?
False
Suppose -b + w - 3*w - 587 = 0, 2*b = -2*w - 1182. Let y be 16646/(-42) + 2/6. Let j = y - b. Is j prime?
True
Let h(c) be the second derivative of 21*c**5/5 - 5*c**4/6 + c**3/6 + 7*c**2 + 106*c. Is h(7) a prime number?
False
Suppose -100*i - 118*i + 191*i + 2453949 = 0. Is i a composite number?
False
Suppose -4*j = -3*j + 3*f - 13, 19 = 4*j + f. Suppose 1655 = -3*h + 2*z + 14884, 2*h - 8814 = -j*z. Is h composite?
False
Let g(f) = -f**3 + 19*f**2 - 14*f - 12. Let n be g(11). Let w = 2706 + n. Is w/(-8)*-4 + 3 a prime number?
False
Suppose -529*x = -429*x - 5245300. Is x a composite number?
False
Let k(m) = m**3 + 4*m**2 - 24*m + 7. Let f be k(5). Suppose 2*y - 351 = h, -2*y - 4*h + 478 = f. Is y a prime number?
False
Suppose -38*p + 21427 + 272731 = 0. Is p a composite number?
False
Suppose 9 = -3*d + 39. Let o(i) = i**3 - 10*i**2 - i + 10. Let z be o(d). Suppose z*s + 5*s - 3535 = 0. Is s a prime number?
False
Let m be (-248)/(-42) - 26/(-273). Let i(u) = u**2 - 5*u - 3. Let t be i(m). Suppose 1113 = 5*d - t*q + 359, -q - 3 = 0. Is d prime?
True
Let h(n) = -120*n**3 + 4 + 0*n + 5*n + 117*n**3 - 2*n. Let j be h(-1). Suppose 2*p + 4*u = 38 + 608, -j = u. Is p composite?
False
Let l be (292/10)/((-7)/735). Let p = 7729 + l. Is p a prime number?
True
Suppose 0 = 2*l + 8*l - 49530. Suppose 3*g + l = 3*v, 3*v - 2327 = -3*g + 2656. Let y = 4085 - v. Is y prime?
False
Suppose -215*u = -196*u - 1981339. Is u a prime number?
True
Let z(h) = 594*h**3 + h + 2. Let o be z(-1). Let l = 374 - o. Is l a composite number?
False
Let m = -101 - -106. Suppose m*g - 6*g + 11031 = 0. Is g a prime number?
False
Suppose 2*f + 4*a = -758, -2*a + 1079 = -4*f - 477. Let z(b) = -b**3 + 7*b**2 - 11. Let q be z(9). Let i = q - f. Is i a composite number?
True
Let s(b) = b**3 + 20*b**2 - 77*b - 1824. Let k be s(-19). Let p(c) = -3*c + 0*c + 40 - c**2 + 637. Is p(k) a prime number?
True
Suppose -2*o - 7 + 3 = 0, 3*s + 4*o = -23. Let k be s*(-11)/(275/20). Suppose 0 = -3*m + k*d + 1611, -4*m + 906 = -d - 1242. Is m composite?
True
Suppose 5*a = 2*g + 228803, -31*a + 4*g = -32*a + 45765. Is a composite?
True
Let w(l) = 3*l**2 + 52*l + 4. Let c be (-5)/(-5) + (2 - 1). Let b be 8/c - (-8)/((-48)/150). Is w(b) a prime number?
False
Let c(r) = 38*r**3 + 55*r**2 + 16*r + 107. Is c(18) prime?
True
Suppose 610*h - 600*h = 522010. Is h a composite number?
False
Let g = -8144 + 14711. Let a = g - -8112. Suppose a = 5*h + 4*h. Is h a composite number?
True
Suppose 196*w - 1564860 - 1890632 = -528624. Is w a composite number?
True
Suppose -417*v = -398*v - 593635 - 513628. Is v prime?
False
Suppose 9828*g = 9800*g + 42547148. Is g composite?
True
Is ((-18157)/(-813))/(3/3307) - 2/(-9) a